e hundreds digit of 589397?
3
What is the hundred thousands digit of 241311?
2
What is the thousands digit of 14101449?
1
What is the thousands digit of 6933673?
3
What is the units digit of 16466169?
9
What is the units digit of 16884770?
0
What is the units digit of 8153560?
0
What is the hundreds digit of 7187454?
4
What is the units digit of 6438971?
1
What is the hundreds digit of 23347996?
9
What is the units digit of 18974308?
8
What is the thousands digit of 1699866?
9
What is the ten thousands digit of 4341475?
4
What is the units digit of 273489?
9
What is the millions digit of 2438821?
2
What is the tens digit of 587496?
9
What is the millions digit of 1909743?
1
What is the hundred thousands digit of 29551544?
5
What is the hundred thousands digit of 366470?
3
What is the tens digit of 211575?
7
What is the millions digit of 3859865?
3
What is the tens digit of 21648342?
4
What is the thousands digit of 254106?
4
What is the millions digit of 7982122?
7
What is the hundred thousands digit of 681221?
6
What is the units digit of 807249?
9
What is the ten thousands digit of 344197?
4
What is the hundreds digit of 372805?
8
What is the hundred thousands digit of 20124039?
1
What is the units digit of 16976985?
5
What is the hundred thousands digit of 3492109?
4
What is the tens digit of 539842?
4
What is the tens digit of 424350?
5
What is the millions digit of 24658470?
4
What is the hundreds digit of 1717398?
3
What is the hundred thousands digit of 6293468?
2
What is the tens digit of 134661?
6
What is the units digit of 18186895?
5
What is the hundreds digit of 57548?
5
What is the hundreds digit of 960228?
2
What is the hundred thousands digit of 3418947?
4
What is the hundred thousands digit of 1327168?
3
What is the hundred thousands digit of 107565?
1
What is the tens digit of 137453?
5
What is the hundreds digit of 55173?
1
What is the hundreds digit of 599876?
8
What is the units digit of 79971?
1
What is the ten thousands digit of 17739399?
3
What is the hundred thousands digit of 3184330?
1
What is the ten thousands digit of 248469?
4
What is the ten thousands digit of 439415?
3
What is the hundreds digit of 1495690?
6
What is the hundreds digit of 1074008?
0
What is the ten thousands digit of 105004?
0
What is the hundreds digit of 4077270?
2
What is the units digit of 8855320?
0
What is the tens digit of 3458?
5
What is the ten thousands digit of 478022?
7
What is the tens digit of 14912374?
7
What is the tens digit of 9276479?
7
What is the millions digit of 2186500?
2
What is the thousands digit of 1058741?
8
What is the ten thousands digit of 1362875?
6
What is the units digit of 89814?
4
What is the tens digit of 1109258?
5
What is the hundreds digit of 99103?
1
What is the hundreds digit of 756920?
9
What is the units digit of 4660716?
6
What is the tens digit of 1308496?
9
What is the units digit of 2895155?
5
What is the units digit of 58743?
3
What is the hundreds digit of 2837778?
7
What is the ten thousands digit of 4433684?
3
What is the millions digit of 11156266?
1
What is the hundreds digit of 177394?
3
What is the tens digit of 150639?
3
What is the hundred thousands digit of 6119266?
1
What is the units digit of 482811?
1
What is the millions digit of 1573070?
1
What is the hundreds digit of 298960?
9
What is the thousands digit of 56290?
6
What is the thousands digit of 2399482?
9
What is the thousands digit of 5996601?
6
What is the hundred thousands digit of 287532?
2
What is the hundreds digit of 16219832?
8
What is the millions digit of 2127031?
2
What is the hundred thousands digit of 443319?
4
What is the tens digit of 412552?
5
What is the hundred thousands digit of 13508545?
5
What is the millions digit of 1677697?
1
What is the millions digit of 3987180?
3
What is the thousands digit of 8315943?
5
What is the thousands digit of 2894086?
4
What is the millions digit of 30895244?
0
What is the hundred thousands digit of 498597?
4
What is the thousands digit of 41401049?
1
What is the units digit of 63209?
9
What is the millions digit of 1746633?
1
What is the millions digit of 14206912?
4
What is the ten thousands digit of 92474?
9
What is the units digit of 259727?
7
What is the hundred thousands digit of 226092?
2
What is the hundred thousands digit of 259054?
2
What is the hundreds digit of 8770861?
8
What is the thousands digit of 295427?
5
What is the units digit of 367744?
4
What is the hundreds digit of 1324531?
5
What is the thousands digit of 582343?
2
What is the hundreds digit of 68668?
6
What is the ten thousands digit of 173980?
7
What is the units digit of 1451944?
4
What is the units digit of 1288598?
8
What is the hundreds digit of 560438?
4
What is the thousands digit of 11145908?
5
What is the thousands digit of 65056?
5
What is the hundreds digit of 16886813?
8
What is the thousands digit of 8303960?
3
What is the hundred thousands digit of 4476767?
4
What is the millions digit of 2207105?
2
What is the ten thousands digit of 1165875?
6
What is the ten thousands digit of 1071442?
7
What is the thousands digit of 951700?
1
What is the ten thousands digit of 770906?
7
What is the ten thousands digit of 5025639?
2
What is the tens digit of 2620602?
0
What is the thousands digit of 2878317?
8
What is the ten thousands digit of 2997291?
9
What is the units digit of 5681340?
0
What is the ten thousands digit of 16717?
1
What is the ten thousands digit of 4004592?
0
What is the hundreds digit of 485248?
2
What is the tens digit of 5560649?
4
What is the tens digit of 21876404?
0
What is the hundred thousands digit of 1609936?
6
What is the thousands digit of 282543?
2
What is the units digit of 641673?
3
What is the thousands digit of 409120?
9
What is the tens digit of 276119?
1
What is the millions digit of 18753433?
8
What is the millions digit of 5547614?
5
What is the hundred thousands digit of 276121?
2
What is the units digit of 1404883?
3
What is the tens digit of 226926?
2
What is the tens digit of 2842014?
1
What is the hundreds digit of 6199318?
3
What is the thousands digit of 141419?
1
What is the units digit of 254761?
1
What is the hundreds digit of 3425735?
7
What is the millions digit of 11635964?
1
What is the hundreds digit of 419833?
8
What is the thousands digit of 1846257?
6
What is the tens digit of 7771501?
0
What is the thousands digit of 3408218?
8
What is the hundreds digit of 356341?
3
What is the units digit of 304590?
0
What is the tens digit of 1133640?
4
What is the thousands digit of 978504?
8
What is the hundreds digit of 27396?
3
What is the thousands digit of 32542?
2
What is the hundreds digit of 65938?
9
What is the ten thousands digit of 369688?
6
What is the millions digit of 3082515?
3
What is the hundreds digit of 6511558?
5
What is the ten thousands digit of 1930178?
3
What is the hundred thousands digit of 444820?
4
What is the thousands digit of 935377?
5
What is the hundred thousands digit of 3033123?
0
What is the ten thousands digit of 27119241?
1
What is the units digit of 55615?
5
What is the hundred thousands digit of 17823655?
8
What is the hundred thousands digit of 2243132?
2
What is the ten thousands digit of 667529?
6
What is the units digit of 969487?
7
What is the ten thousands digit of 149466?
4
What is the tens digit of 4781248?
4
What is the hundred thousands digit of 708797?
7
What is the tens digit of 88851?
5
What is the tens digit of 10480154?
5
What is the hundred thousands digit of 547934?
5
What is the units digit of 23229?
9
What is the ten thousands digit of 2266277?
6
What is the hundred thousands digit of 41211265?
2
What is the thousands digit of 23625299?
5
What is the tens digit of 130346?
4
What is the hundred thousands digit of 271830?
2
What is the hundred thousands digit of 186630?
1
What is the units digit of 4280070?
0
What is the hundred thousands digit of 245676?
2
What is the hundreds digit of 234363?
3
What is the tens digit of 165828?
2
What is the units digit of 6554?
4
What is the hundred thousands digit of 4423762?
4
What is the tens digit of 87612?
1
What is the hundreds digit of 778625?
6
What is the hundred thousands digit of 604088?
6
What is the units digit of 2109565?
5
What is the hundr